 3*s - 5*s + 180. Let a = -45 + u. What is r(a)?
-9
Let g(p) = -25*p + 2. Let v be g(1). Let d(w) = -w - 25. Let t be d(v). Let a(l) = 4*l**2 + 4*l + 3. What is a(t)?
11
Let a(t) = -21*t + 10. Let g(x) = -x + 2. Let d(v) = -a(v) + 4*g(v). Determine d(1).
15
Let m(k) = -k**3 + 4*k**2 + 60*k - 2. Let o be m(-6). Let u(g) = 10*g**2 + 2*g + 3. Calculate u(o).
39
Let i(l) = l**2 - 21. Let s = -830 + 830. Give i(s).
-21
Let q(j) be the first derivative of -j**4/2 - j**3 + 2*j**2 - j - 49. What is q(-3)?
14
Let q(b) = b. Suppose 1126*y - 12 = 1122*y. Determine q(y).
3
Let z(u) = -u**3 + 3*u**2 + 4*u + 1. Let c = -140 - -143. What is z(c)?
13
Let a(n) be the second derivative of -n**5/20 + 5*n**4/12 - n**3 - n**2 - 370*n. Calculate a(3).
-2
Let c be (-6 + 1)/1 + (2 - 6). Let d(z) = z**2 + 9*z. Determine d(c).
0
Let n(o) = 7 + 2*o**2 - 23 - o**2 + 21 + 5*o. Let q = -7 - -3. Give n(q).
1
Let q be 4/10 + (-46)/(-10). Let u be (39/(-26))/((-5)/(-8) - 1). Let f(c) = -q + c + u*c - 2*c. Calculate f(5).
10
Suppose 0 = 6*a + 8 - 20. Let c(n) = -7*n**2 + 7*n + 8. Let l(w) = 3*w**2 - 3*w - 4. Let t(z) = a*c(z) + 5*l(z). Calculate t(3).
2
Let x(h) be the first derivative of -h**3/3 + h**2 - 2*h + 232. Give x(3).
-5
Let p(u) be the second derivative of u**4/12 - 2*u**3/3 - 3*u**2/2 + 2*u. Let s(a) = -2*a**2 + 6*a - 9. Let f be s(4). Let o = f + 23. Give p(o).
9
Let u(i) = -2. Let p(t) = t + 3. Let d(o) = 2*p(o) + 3*u(o). Let f(n) = -2*n. Let h(w) = 2*d(w) + 3*f(w). What is h(-2)?
4
Let n(y) be the third derivative of -y**6/120 + y**5/12 + y**4/3 - 3*y**3/2 + 8*y**2. Let i = 14 + -8. Let b be n(i). Let w(t) = 3*t - 4. Calculate w(b).
5
Suppose 3*p = 5*s - 0*s + 4, -3*p + 4*s + 5 = 0. Let m = 30 + -38. Let j = p + m. Let k(d) = d**2 + 4*d - 2. Calculate k(j).
3
Let j(c) = -7*c + 0*c + 2*c + 2*c. What is j(-6)?
18
Let m(x) = x + 28. Suppose -5*i + 11*n - 100 = 6*n, -3*i - 78 = 3*n. What is m(i)?
5
Let o(h) = -h**2 + 7*h - 5. Let a(l) = -7*l - 46 + 19 + 41 - l**2. Let d be a(-8). Calculate o(d).
1
Let x(a) = -11*a + 7. Let l = 5 + -12. Let d(m) = -16*m + 10. Let i(t) = l*x(t) + 5*d(t). Let h be 513/209 + (-12)/(-22). Give i(h).
-8
Let p(h) be the third derivative of 0*h + 6*h**2 - 1/6*h**3 - 7/24*h**4 + 1/120*h**5 + 0. Let o(i) be the first derivative of p(i). Determine o(6).
-1
Suppose 2*o - 2*y = -5*y + 13, -5*o + y + 24 = 0. Suppose -4*j + 5*v + 1 = 0, 24 - o = j - 5*v. Let m(t) = t**2 + 8*t + 4. What is m(j)?
-8
Suppose 5*r - 28 + 3 = -4*m, 0 = 5*r - 2*m + 5. Let p(x) = -58*x**2 + 5 + 27*x**2 - 4 - 3*x + 32*x**2. Give p(r).
-1
Let w(n) = 761 + 2*n**2 + 3*n**2 - n**3 + 3*n - 766. Calculate w(5).
10
Let q(h) = h - 1. Suppose 5*g - 6*g + 6 = 0. Suppose -7*n + 1 = -g. Determine q(n).
0
Suppose -26*n - 145 + 15 = 0. Let s(x) = x**2 + x - 11. Calculate s(n).
9
Let w(u) be the third derivative of 2*u**6/15 + u**4/12 + u**3/6 - u**2. Let q = 7845 + -7846. What is w(q)?
-17
Suppose 103*j = 106*j + 15. Let v(q) = q**3 + 6*q**2 + 7*q + 6. Determine v(j).
-4
Let q(r) = 8*r - 3. Let h = 7 + -6. Let k be q(h). Let x(z) = -z**3 + 4*z**2 + 5*z - 3. Determine x(k).
-3
Let b(j) = -j**3 - j**2 - 2. Let i be b(-2). Suppose -i*h - u = -2, -3*h = h + u - 2. Let a(v) = h*v + 3 + 4*v + v**2 + 4 - 11. Determine a(-4).
-4
Let f(s) be the first derivative of -s**5/60 - s**3 + 3*s**2 - 9. Let c(j) be the second derivative of f(j). Let z(i) = i - 8. Let a be z(8). Give c(a).
-6
Let w(f) be the third derivative of 11*f**8/20160 + f**7/5040 + 3*f**5/10 + 3*f**2. Let t(a) be the third derivative of w(a). Calculate t(-1).
10
Let w = -57 - -56. Let c(f) = -8*f**3 - 2*f - 2. Determine c(w).
8
Let u(a) = -a**2. Let v be u(-2). Let d(w) be the second derivative of w**3/6 + w**2 - w + 65. Give d(v).
-2
Let b(i) = -i - 5. Let a(d) = 4*d - 31. Let f be a(8). Let x be f + -1 + (3 + 1)*-1. Determine b(x).
-1
Let q(g) = -g**2 - 5*g + 6. Let r(l) = -l**2 - 5*l + 5. Let b(p) = -4*q(p) + 5*r(p). Let n = -1 + -4. Give b(n).
1
Let w(t) = t. Let o(k) = -k**3 + k**2 + 2. Let z be o(2). Let a be (-126)/7*z/4. Let i = a - 10. Calculate w(i).
-1
Let l(h) = 3 + h**2 - 3*h**2 - 2*h**3 + 4*h - 2*h**2 + h**3 + 7. Determine l(-5).
15
Let c(r) = -1 - 4 + 1 + r**2 + 3*r. Let p be 18/(-36)*(-1 + 1). Suppose p = -q + 5 - 8. Calculate c(q).
-4
Let s = -15 + 19. Suppose -s = -20*n + 16. Let u(m) = -7*m**2 - 1. Calculate u(n).
-8
Let l(i) be the first derivative of 11*i**2/2 - 7*i + 268. What is l(2)?
15
Let b(p) = p**3 - 4*p**2 + 2*p + 2. Let s = -46 + 24. Let w = -18 - s. What is b(w)?
10
Let z(d) = -d**3 - d. Let q(y) = 5*y**3 - 7*y**2 + 3*y. Let j(a) = q(a) + 4*z(a). Let o(l) = l - 11. Let g be o(14). Let r be -3*(-21)/27*g. Give j(r).
-7
Let m(b) = b**3 - 4*b**2 - 2*b + 3. Suppose -4*i + 10 = 13*q - 15*q, -i + q = 0. Give m(i).
18
Let u be (-560)/105*(-6)/4. Let i(r) = -r**2 + 5*r - 4. Give i(u).
-28
Let m(z) be the third derivative of 23*z**5/60 + z**4/12 + z**3/6 + 19*z**2 + 1. Let j be 1*-1*1*11/11. Determine m(j).
22
Let s(v) = -4*v**2 - 15*v + 1. Let z(k) = -7*k**2 - 29*k + 2. Let l(u) = 5*s(u) - 3*z(u). Calculate l(-13).
12
Let g(k) be the first derivative of k**3/3 - 2*k**2 + 4*k + 1. Suppose -11*u + n = -12*u + 1, -2*n = 3*u - 7. Give g(u).
9
Let a be (50/3)/((-38)/(-57)). Suppose 3*g + 2*g - a = 0. Suppose b + b = -4*k - 22, -g*k - 22 = -3*b. Let h(j) = 3*j + 1. What is h(b)?
-2
Let h(q) = -q**2 + 6*q - 4. Suppose 2*z + 2 = z. Let o be 5/2 + 1/z. Let f be (9/1 - -1)/o. Determine h(f).
1
Let o = -12 - -18. Let r(q) = 5*q - 10. Let d(s) = 6*s - 11. Let l = -6 + 2. Let a(y) = l*r(y) + 3*d(y). Calculate a(o).
-5
Let x(m) = -m - 10. Suppose -5*k + 7*k - 5*k = 0. What is x(k)?
-10
Let k(r) = -r**2 - 4*r + 9. Let j be (1*9)/((-1)/(16/24)). Calculate k(j).
-3
Let g(c) = c**3 - 9*c**2 - 5*c + 10. Let z(d) = -d**3 + 8*d**2 + 4*d - 9. Let p be -4*5/10 - 3. Let w(n) = p*z(n) - 4*g(n). Calculate w(4).
5
Let q(w) be the first derivative of -w**4/4 - 2*w**3 - 2*w**2 + 4*w + 79. Give q(-4).
-12
Let a(l) = l**2 - 3*l - 2. Suppose -80 + 59 = -7*r. Determine a(r).
-2
Let b(h) be the second derivative of h**5/20 + h**4 - 7*h**3/3 - 7*h**2/2 - 239*h + 2. Determine b(-13).
6
Suppose 327*b + 27 = 330*b. Let k(h) = -h**2 + 9*h + 8. Give k(b).
8
Let y be (2 - 9 - -10)/6. Let l(s) be the first derivative of -2*s + y*s**2 - 8. Give l(3).
1
Let t(o) be the first derivative of 7*o**2/2 + 7*o - 4. Determine t(-6).
-35
Let y(t) = 4*t**2 - 3. Suppose 24 = 3*w + 3*w. Let q be w + -3*(-3)/(-9). Let m(n) = -7*n**2 + 5. Let u(f) = q*m(f) + 5*y(f). Calculate u(-2).
-4
Suppose -61 = -3*b + 2*f, -3*f + 5 = 5*b - 65. Let c(d) = d**2 - 14*d - 42. Give c(b).
9
Let z = -79 - -81. Let k(n) = 2*n**3 + 11*n**2 - 9*n - 4. Let o(l) = -l**3 - 10*l**2 + 8*l + 5. Let i(x) = z*k(x) + 3*o(x). Calculate i(7).
0
Suppose 3*k + 16 = -2*z, 2*k + 218 - 198 = z. Let t(i) be the third derivative of i**5/60 + 7*i**4/24 - i**3/2 + 2*i**2. Give t(k).
5
Let d(m) be the second derivative of -m**3/6 + 5*m**2/2 + 2*m. Suppose 21 = -3*p - 39. Let c = -16 - p. Give d(c).
1
Let j(s) be the third derivative of 1/8*s**4 - 2*s**2 + 0 + s**3 + 0*s. Give j(-6).
-12
Let w(a) be the first derivative of -1/6*a**4 - 6*a**2 + 0*a + 12 + 1/3*a**3. Let u(d) be the second derivative of w(d). Give u(2).
-6
Let s(a) be the first derivative of 5*a**2/2 - 3*a + 1. Suppose -70 - 5 = 3*i. Let v = i + 27. Calculate s(v).
7
Let y(v) = 2*v**2 - 2*v - 1. Let w(x) = -6*x - 12. Let m be w(-2). Suppose -10 = -n + 2*a, 0 = -a - m*a - 4. Give y(n).
3
Let s(n) be the first derivative of -n**3/6 + n**2 + n + 1. Let a(y) be the first derivative of s(y). Suppose -7*m = 107 - 65. What is a(m)?
8
Let l(i) = i**2 - 7*i + 9. Let u be (9/3)/((-9)/(-21)). Calculate l(u).
9
Let d(b) = -b**3 - 6*b**2 + b - 1. Let j = 21 + 5. Let p = 20 - j. Calculate d(p).
-7
Let w(n) be the second derivative of 0 - 1/20*n**5 - 2/3*n**3 - 5/12*n**4 - 5*n + 3/2*n**2. What is w(-4)?
3
Let z(t) = -3*t + 21 + 0*t - 13 - 7. Determine z(1).
-2
Let r(q) = -14*q - 14*q + 51*q - 20*q - 1. Determine r(4).
11
Suppose 473 + 277 = -5*x - n, -5*n = x + 150. Let f be x/40 - 2/8. Let g(i) = -i**3 - 4*i**2 - 2. What is g(f)?
-2
Let b(x) = -4*x + 4*x + 19 + 2*x. Let h be b(-8). Let p be 3/18*-4*h. Let j(r) = -4*r - 3. Give j(p).
5
Let t(d) = d**2 - 2*